{"id":259,"date":"2019-02-05T09:56:02","date_gmt":"2019-02-05T09:56:02","guid":{"rendered":"https:\/\/ninetheme.com\/themes\/agro\/?page_id=259"},"modified":"2024-03-18T15:23:40","modified_gmt":"2024-03-18T15:23:40","slug":"notre-exploitation","status":"publish","type":"page","link":"https:\/\/naeisarl.com\/index.php\/notre-exploitation\/","title":{"rendered":"NOTRE EXPLOITATION"},"content":{"rendered":"<div class=\"wpb-content-wrapper\">[vc_row full_width=&#8221;container-null&#8221;][vc_column agro_disable_column=&#8221;yes&#8221;]<div id=\"hero\" class=\"nt-shortcode-hero jarallax section_69fb450801edf vc_custom_1703926173313\" data-speed=\"0.7\" data-img-position=\"50% 80%\" data-res-css=\"          \"><div class=\"container\"><div class=\"row\"><div class=\"col-12 col-lg-7 \"><h1 class=\"__title\"><span>NOTRE<\/span> EXPLOITATION<\/h1><div class=\"shortcode-page-breadcrumbs breadcrumb\"><div class=\"nt-breadcrumbs\"><ul class=\"nt-breadcrumbs-list\"><li class=\"bitem\"><span><a class=\"breadcrumbs__link\" href=\"https:\/\/naeisarl.com\/\"><span>Home<\/span><\/a><\/span><\/li><\/ul><\/div><\/div><\/div><\/div><\/div><\/div>[\/vc_column][\/vc_row][vc_row full_width=&#8221;container-null&#8221;][vc_column agro_disable_column=&#8221;yes&#8221;]<div class=\"section item_69fb45080256a\" data-res-css=\"             \"><div class=\"container\"><div class=\"row\"><div class=\"col-12 col-lg-6\"><h2 class=\"info-heading\">ACTIVIT\u00c9S <span>DE PRODUCTIONS<\/span><\/h2><strong>NAEI SARL dispose de pr\u00e8s de 5 000 ha reparti \u00e0 travers le territoire national. <\/strong><\/p>\n<p>Ces terres comprennent les superficies exploit\u00e9es en grandes cultures : arachides, mil, mais, sorgo et past\u00e8ques \u00e0 l\u2019int\u00e9rieur du pays et en pluvial. Le reste concerne les superficies cultiv\u00e9es en irrigu\u00e9 et concernent les sp\u00e9culations comme le riz, le gombo, la pomme de terre, melon, piment, carotte, jaxatu, aubergine, mais doux<\/p>\n<p>Les sp\u00e9culations conduites par l\u2019exploitation en irrigu\u00e9 sur l\u2019ensemble des parcelles se pr\u00e9sentent selon le tableau ici repr\u00e9sent\u00e9.<\/p>\n<p>NB : pour chaque exploitation son compte d\u2019exploitation le plus r\u00e9cent a \u00e9t\u00e9 \u00e9labor\u00e9 (avec les marges brutes correspondantes). Merci de nous contacter pour plus amples informations.<p><a class=\"custom-btn custom-btn--medium custom-btn--style-1\" href=\"https:\/\/naeisarl.com\/index.php\/contact\/\">CONTACTEZ-NOUS<\/a><\/p><\/div><div class=\"col-12 my-3 d-lg-none\"><\/div><div class=\"col-12 col-lg-6\"><img decoding=\"async\" src=\"https:\/\/naeisarl.com\/wp-content\/uploads\/2023\/12\/NAWEL_exploitation_bloc01.jpg\" class=\"img-fluid\" alt=\"NAWEL_exploitation_bloc01.jpg\"><\/div><\/div><\/div><\/div>[\/vc_column][\/vc_row][vc_row full_width=&#8221;container-null&#8221;][vc_column agro_disable_column=&#8221;yes&#8221;]<div class=\"section section--no-pb jarallax item_69fb450802905\" data-speed=\"0.4\" data-img-position=\"50% 65%\" data-res-css=\"        \"><img decoding=\"async\" src=\"https:\/\/naeisarl.com\/wp-content\/uploads\/2023\/12\/NAWEL_exploitation_bloc02bg.jpg\" class=\"jarallax-img\" alt=\"NAWEL_exploitation_bloc02bg.jpg\"><div class=\"container\"><div class=\"section-heading section-heading--center section-heading--white\" data-aos=\"fade\"><h2 class=\"__title\">VALORISER <span>LE POTENTIEL AGRICOLE<\/span><\/h2><\/div><div class=\"simple-text-block simple-text-block--no-pb\"><div class=\"row justify-content-md-center\"><div class=\"col-12 col-md-11\"><div class=\"row justify-content-lg-between no-gutters\"><div class=\"col-12 col-lg-5\"><img decoding=\"async\" src=\"https:\/\/naeisarl.com\/wp-content\/uploads\/2023\/12\/NAWEL_exploitation_bloc02.jpg\" class=\"img-fluid\" alt=\"NAWEL_exploitation_bloc02.jpg\"><\/div><div class=\"col-12 my-3 d-lg-none\"><\/div><div class=\"col-12 col-lg-6\"><div class=\"js-slick slick_69fb450802907\" data-slick='{\"autoplay\": false, \"arrows\": false, \"dots\": false, \"pauseOnHover\": false, \"speed\": 1000}'><div class=\"__item\"><h3>DES PARTENARIATS  <span>STRATEGIQUES<\/span><\/h3><p>NAEI SARL, forte de son vaste potentiel foncier \u00e0 travers le pays, fait face \u00e0 des d\u00e9fis financiers, \u00e0 des lacunes en \u00e9quipements agricoles adapt\u00e9s, et \u00e0 des niveaux de formation limit\u00e9s malgr\u00e9 une exp\u00e9rience significative en agriculture de pointe. Ces contraintes entravent l'exploitation optimale du potentiel de terres dont elle dispose.<br \/>\nDans cette optique, la lev\u00e9e de ces obstacles par le biais de partenariats strat\u00e9giques dans divers domaines serait l'opportunit\u00e9 id\u00e9ale pour moderniser notre entreprise et exploiter de mani\u00e8re optimale nos vastes terres. Nous sommes convaincus que la collaboration avec des partenaires partageant notre vision permettrait non seulement de surmonter ces d\u00e9fis, mais aussi de propulser NAEI SARL vers l'avant-garde de l'agriculture moderne.<br \/>\nPour concr\u00e9tiser cette vision, notre entreprise envisage d'investir dans des \u00e9quipements d'irrigation de pointe, plus productifs et efficaces. De plus, nous nous engageons \u00e0 adopter des techniques et technologies de production modernes, n\u00e9cessitant un personnel hautement qualifi\u00e9. Cette d\u00e9marche strat\u00e9gique renforcera notre comp\u00e9titivit\u00e9, tout en contribuant \u00e0 l'essor du secteur agricole au S\u00e9n\u00e9gal.<\/p>\n<\/div><\/div><\/div><\/div><\/div><\/div><\/div><\/div><\/div>[vc_empty_space height=&#8221;60px&#8221;][\/vc_column][\/vc_row]\n<\/div>","protected":false},"excerpt":{"rendered":"<p>[vc_row full_width=&#8221;container-null&#8221;][vc_column agro_disable_column=&#8221;yes&#8221;][\/vc_column][\/vc_row][vc_row full_width=&#8221;container-null&#8221;][vc_column agro_disable_column=&#8221;yes&#8221;][\/vc_column][\/vc_row][vc_row full_width=&#8221;container-null&#8221;][vc_column agro_disable_column=&#8221;yes&#8221;][vc_empty_space height=&#8221;60px&#8221;][\/vc_column][\/vc_row]<\/p>\n","protected":false},"author":1,"featured_media":0,"parent":0,"menu_order":0,"comment_status":"closed","ping_status":"closed","template":"custom-page.php","meta":{"footnotes":""},"class_list":["post-259","page","type-page","status-publish","hentry"," nt-post-class"],"yoast_head":"<!-- This site is optimized with the Yoast SEO plugin v24.7 - https:\/\/yoast.com\/wordpress\/plugins\/seo\/ -->\n<title>Cultivations | Distribution | Investissement Agricole au S\u00e9n\u00e9gal<\/title>\n<meta name=\"description\" content=\"R\u00e9coltes et opportunit\u00e9s : production de NAEI SARL au S\u00e9n\u00e9gal. Riz, l\u00e9gumes, melon, et bien plus sur nos 5 000 hectares de terres.\" \/>\n<meta name=\"robots\" content=\"index, follow, max-snippet:-1, max-image-preview:large, max-video-preview:-1\" \/>\n<link rel=\"canonical\" href=\"https:\/\/naeisarl.com\/index.php\/notre-exploitation\/\" \/>\n<meta property=\"og:locale\" content=\"fr_FR\" \/>\n<meta property=\"og:type\" content=\"article\" \/>\n<meta property=\"og:title\" content=\"Cultivations | Distribution | Investissement Agricole au S\u00e9n\u00e9gal\" \/>\n<meta property=\"og:description\" content=\"R\u00e9coltes et opportunit\u00e9s : production de NAEI SARL au S\u00e9n\u00e9gal. Riz, l\u00e9gumes, melon, et bien plus sur nos 5 000 hectares de terres.\" \/>\n<meta property=\"og:url\" content=\"https:\/\/naeisarl.com\/index.php\/notre-exploitation\/\" \/>\n<meta property=\"og:site_name\" content=\"nawel.futuradakar.com\" \/>\n<meta property=\"article:modified_time\" content=\"2024-03-18T15:23:40+00:00\" \/>\n<meta name=\"twitter:card\" content=\"summary_large_image\" \/>\n<meta name=\"twitter:label1\" content=\"Dur\u00e9e de lecture estim\u00e9e\" \/>\n\t<meta name=\"twitter:data1\" content=\"1 minute\" \/>\n<script type=\"application\/ld+json\" class=\"yoast-schema-graph\">{\"@context\":\"https:\/\/schema.org\",\"@graph\":[{\"@type\":\"WebPage\",\"@id\":\"https:\/\/naeisarl.com\/index.php\/notre-exploitation\/\",\"url\":\"https:\/\/naeisarl.com\/index.php\/notre-exploitation\/\",\"name\":\"Cultivations | Distribution | Investissement Agricole au S\u00e9n\u00e9gal\",\"isPartOf\":{\"@id\":\"https:\/\/naeisarl.com\/#website\"},\"datePublished\":\"2019-02-05T09:56:02+00:00\",\"dateModified\":\"2024-03-18T15:23:40+00:00\",\"description\":\"R\u00e9coltes et opportunit\u00e9s : production de NAEI SARL au S\u00e9n\u00e9gal. Riz, l\u00e9gumes, melon, et bien plus sur nos 5 000 hectares de terres.\",\"breadcrumb\":{\"@id\":\"https:\/\/naeisarl.com\/index.php\/notre-exploitation\/#breadcrumb\"},\"inLanguage\":\"fr-FR\",\"potentialAction\":[{\"@type\":\"ReadAction\",\"target\":[\"https:\/\/naeisarl.com\/index.php\/notre-exploitation\/\"]}]},{\"@type\":\"BreadcrumbList\",\"@id\":\"https:\/\/naeisarl.com\/index.php\/notre-exploitation\/#breadcrumb\",\"itemListElement\":[{\"@type\":\"ListItem\",\"position\":1,\"name\":\"Accueil\",\"item\":\"https:\/\/naeisarl.com\/\"},{\"@type\":\"ListItem\",\"position\":2,\"name\":\"NOTRE EXPLOITATION\"}]},{\"@type\":\"WebSite\",\"@id\":\"https:\/\/naeisarl.com\/#website\",\"url\":\"https:\/\/naeisarl.com\/\",\"name\":\"nawel.futuradakar.com\",\"description\":\"\",\"publisher\":{\"@id\":\"https:\/\/naeisarl.com\/#organization\"},\"potentialAction\":[{\"@type\":\"SearchAction\",\"target\":{\"@type\":\"EntryPoint\",\"urlTemplate\":\"https:\/\/naeisarl.com\/?s={search_term_string}\"},\"query-input\":{\"@type\":\"PropertyValueSpecification\",\"valueRequired\":true,\"valueName\":\"search_term_string\"}}],\"inLanguage\":\"fr-FR\"},{\"@type\":\"Organization\",\"@id\":\"https:\/\/naeisarl.com\/#organization\",\"name\":\"nawel.futuradakar.com\",\"url\":\"https:\/\/naeisarl.com\/\",\"logo\":{\"@type\":\"ImageObject\",\"inLanguage\":\"fr-FR\",\"@id\":\"https:\/\/naeisarl.com\/#\/schema\/logo\/image\/\",\"url\":\"https:\/\/naeisarl.com\/wp-content\/uploads\/2023\/12\/NAWEL-logo.png\",\"contentUrl\":\"https:\/\/naeisarl.com\/wp-content\/uploads\/2023\/12\/NAWEL-logo.png\",\"width\":200,\"height\":260,\"caption\":\"nawel.futuradakar.com\"},\"image\":{\"@id\":\"https:\/\/naeisarl.com\/#\/schema\/logo\/image\/\"}}]}<\/script>\n<!-- \/ Yoast SEO plugin. -->","yoast_head_json":{"title":"Cultivations | Distribution | Investissement Agricole au S\u00e9n\u00e9gal","description":"R\u00e9coltes et opportunit\u00e9s : production de NAEI SARL au S\u00e9n\u00e9gal. Riz, l\u00e9gumes, melon, et bien plus sur nos 5 000 hectares de terres.","robots":{"index":"index","follow":"follow","max-snippet":"max-snippet:-1","max-image-preview":"max-image-preview:large","max-video-preview":"max-video-preview:-1"},"canonical":"https:\/\/naeisarl.com\/index.php\/notre-exploitation\/","og_locale":"fr_FR","og_type":"article","og_title":"Cultivations | Distribution | Investissement Agricole au S\u00e9n\u00e9gal","og_description":"R\u00e9coltes et opportunit\u00e9s : production de NAEI SARL au S\u00e9n\u00e9gal. Riz, l\u00e9gumes, melon, et bien plus sur nos 5 000 hectares de terres.","og_url":"https:\/\/naeisarl.com\/index.php\/notre-exploitation\/","og_site_name":"nawel.futuradakar.com","article_modified_time":"2024-03-18T15:23:40+00:00","twitter_card":"summary_large_image","twitter_misc":{"Dur\u00e9e de lecture estim\u00e9e":"1 minute"},"schema":{"@context":"https:\/\/schema.org","@graph":[{"@type":"WebPage","@id":"https:\/\/naeisarl.com\/index.php\/notre-exploitation\/","url":"https:\/\/naeisarl.com\/index.php\/notre-exploitation\/","name":"Cultivations | Distribution | Investissement Agricole au S\u00e9n\u00e9gal","isPartOf":{"@id":"https:\/\/naeisarl.com\/#website"},"datePublished":"2019-02-05T09:56:02+00:00","dateModified":"2024-03-18T15:23:40+00:00","description":"R\u00e9coltes et opportunit\u00e9s : production de NAEI SARL au S\u00e9n\u00e9gal. Riz, l\u00e9gumes, melon, et bien plus sur nos 5 000 hectares de terres.","breadcrumb":{"@id":"https:\/\/naeisarl.com\/index.php\/notre-exploitation\/#breadcrumb"},"inLanguage":"fr-FR","potentialAction":[{"@type":"ReadAction","target":["https:\/\/naeisarl.com\/index.php\/notre-exploitation\/"]}]},{"@type":"BreadcrumbList","@id":"https:\/\/naeisarl.com\/index.php\/notre-exploitation\/#breadcrumb","itemListElement":[{"@type":"ListItem","position":1,"name":"Accueil","item":"https:\/\/naeisarl.com\/"},{"@type":"ListItem","position":2,"name":"NOTRE EXPLOITATION"}]},{"@type":"WebSite","@id":"https:\/\/naeisarl.com\/#website","url":"https:\/\/naeisarl.com\/","name":"nawel.futuradakar.com","description":"","publisher":{"@id":"https:\/\/naeisarl.com\/#organization"},"potentialAction":[{"@type":"SearchAction","target":{"@type":"EntryPoint","urlTemplate":"https:\/\/naeisarl.com\/?s={search_term_string}"},"query-input":{"@type":"PropertyValueSpecification","valueRequired":true,"valueName":"search_term_string"}}],"inLanguage":"fr-FR"},{"@type":"Organization","@id":"https:\/\/naeisarl.com\/#organization","name":"nawel.futuradakar.com","url":"https:\/\/naeisarl.com\/","logo":{"@type":"ImageObject","inLanguage":"fr-FR","@id":"https:\/\/naeisarl.com\/#\/schema\/logo\/image\/","url":"https:\/\/naeisarl.com\/wp-content\/uploads\/2023\/12\/NAWEL-logo.png","contentUrl":"https:\/\/naeisarl.com\/wp-content\/uploads\/2023\/12\/NAWEL-logo.png","width":200,"height":260,"caption":"nawel.futuradakar.com"},"image":{"@id":"https:\/\/naeisarl.com\/#\/schema\/logo\/image\/"}}]}},"_links":{"self":[{"href":"https:\/\/naeisarl.com\/index.php\/wp-json\/wp\/v2\/pages\/259","targetHints":{"allow":["GET"]}}],"collection":[{"href":"https:\/\/naeisarl.com\/index.php\/wp-json\/wp\/v2\/pages"}],"about":[{"href":"https:\/\/naeisarl.com\/index.php\/wp-json\/wp\/v2\/types\/page"}],"author":[{"embeddable":true,"href":"https:\/\/naeisarl.com\/index.php\/wp-json\/wp\/v2\/users\/1"}],"replies":[{"embeddable":true,"href":"https:\/\/naeisarl.com\/index.php\/wp-json\/wp\/v2\/comments?post=259"}],"version-history":[{"count":3,"href":"https:\/\/naeisarl.com\/index.php\/wp-json\/wp\/v2\/pages\/259\/revisions"}],"predecessor-version":[{"id":1091,"href":"https:\/\/naeisarl.com\/index.php\/wp-json\/wp\/v2\/pages\/259\/revisions\/1091"}],"wp:attachment":[{"href":"https:\/\/naeisarl.com\/index.php\/wp-json\/wp\/v2\/media?parent=259"}],"curies":[{"name":"wp","href":"https:\/\/api.w.org\/{rel}","templated":true}]}}